8 (base 13) to base 12.
-288a
What is 11455 (base 9) in base 11?
5838
Convert 102655 (base 7) to base 11.
12437
Convert 15016 (base 9) to base 5.
311341
-1011101011111 (base 2) to base 10
-5983
Convert 12441 (base 6) to base 11.
1475
Convert 101011111 (base 2) to base 9.
430
Convert -2331030 (base 4) to base 14.
-45ac
-102045 (base 6) to base 3
-102022002
Convert -12431 (base 6) to base 14.
-991
Convert 60026 (base 8) to base 14.
8d70
Convert -10110 (base 5) to base 6.
-3011
-234010 (base 6) to base 4
-10331112
-263 (base 14) to base 3
-122202
Convert 111101011100101 (base 2) to base 5.
2001321
-34220 (base 5) to base 4
-212003
-10122120 (base 3) to base 7
-10521
Convert -101001100001101 (base 2) to base 10.
-21261
416 (base 14) to base 2
1100100100
Convert 33e6 (base 16) to base 9.
20202
Convert 14d0 (base 15) to base 4.
1011312
2c6 (base 15) to base 10
636
36370 (base 8) to base 14
598c
What is 946 (base 13) in base 5?
22304
What is -16408 (base 11) in base 16?
-5a4f
What is 523 (base 12) in base 8?
1353
What is 26 (base 9) in base 15?
19
What is 2303111 (base 4) in base 3?
120202002
909 (base 14) to base 11
1372
-514 (base 12) to base 6
-3224
Convert -2240 (base 10) to base 12.
-1368
-633 (base 8) to base 5
-3121
Convert 22144 (base 5) to base 2.
11000001101
11001111 (base 2) to base 11
179
Convert -223002 (base 4) to base 2.
-101011000010
256 (base 10) to base 13
169
What is -12351 (base 6) in base 8?
-3513
Convert 1100110011 (base 2) to base 4.
30303
1110011101001110 (base 2) to base 3
10000020010
What is 332 (base 14) in base 13?
398
16711 (base 9) to base 5
332022
Convert -4089 (base 15) to base 2.
-11010100111101
Convert 804 (base 13) to base 2.
10101001100
Convert 3d (base 16) to base 5.
221
-9425 (base 12) to base 11
-11159
What is -35120 (base 6) in base 15?
-1746
What is -324310 (base 5) in base 8?
-25705
Convert 5363 (base 9) to base 13.
1a46
What is 28a4 (base 12) in base 16?
127c
Convert 2020133 (base 4) to base 6.
104235
-306 (base 12) to base 3
-121020
-14446 (base 7) to base 12
-2397
22553 (base 6) to base 15
e5c
29a (base 12) to base 10
406
106 (base 11) to base 16
7f
-101101100101 (base 2) to base 14
-10c5
What is 5c93 (base 16) in base 14?
88cb
What is 28388 (base 11) in base 5?
2243024
-2501 (base 7) to base 16
-3a4
Convert 2a9 (base 15) to base 13.
37b
-2319 (base 12) to base 5
-111114
1a769 (base 12) to base 8
114301
b00 (base 13) to base 3
2112212
-4363 (base 7) to base 6
-11124
Convert 12310 (base 4) to base 5.
3221
225 (base 8) to base 12
105
-507 (base 12) to base 4
-23113
Convert 4210 (base 5) to base 10.
555
-3342 (base 6) to base 10
-782
Convert -1755a (base 11) to base 8.
-60064
-13681 (base 11) to base 13
-8b11
462a (base 15) to base 4
3220222
-192 (base 10) to base 2
-11000000
1001100101 (base 2) to base 14
31b
What is -20472 (base 8) in base 14?
-3158
What is -202001111 (base 3) in base 9?
-22044
2a8 (base 13) to base 11
3a3
What is 114110 (base 6) in base 3?
111200120
Convert 157 (base 9) to base 6.
341
What is 2201121 (base 3) in base 15?
8c7
What is -65f (base 16) in base 10?
-1631
What is 33dd (base 16) in base 12?
7825
-32232 (base 4) to base 9
-1256
What is -2838 (base 9) in base 12?
-12a5
Convert 289 (base 11) to base 4.
11103
-28483 (base 9) to base 14
-70a5
Convert 1001000001111 (base 2) to base 6.
33223
What is -1210110 (base 4) in base 7?
-24501
Convert -11344 (base 6) to base 3.
-2021001
Convert 10111100010 (base 2) to base 6.
10550
-1866 (base 9) to base 5
-21222
-a98 (base 11) to base 15
-5cc
Convert 1111101100 (base 2) to base 7.
2633
What is -10010111010 (base 2) in base 13?
-721
Convert 1133 (base 11) to base 5.
21423
-12523 (base 7) to base 8
-6425
What is 1011100110100110 (base 2) in base 14?
1346a
-647 (base 14) to base 5
-14424
-12897 (base 10) to base 16
-3261
Convert 34430 (base 7) to base 3.
110001122
1111010111101 (base 2) to base 6
100233
Convert 568 (base 11) to base 6.
3051
Convert 11221101 (base 3) to base 13.
1840
Convert -5082 (base 10) to base 8.
-11732
What is 31312333 (base 4) in base 15?
11c47
-2358 (base 9) to base 12
-1022
What is -14d9 (base 14) in base 2?
-111010000111
1366 (base 14) to base 7
12656
What is -4a55 (base 12) in base 7?
-33353
-1340 (base 10) to base 13
-7c1
-484 (base 15) to base 8
-2000
e7d (base 15) to base 4
303010
Convert -4a61 (base 12) to base 6.
-103001
1104 (base 10) to base 14
58c
-74 (base 12) to base 13
-6a
Convert cd4c (base 14) to base 6.
432320
Convert -38b (base 16) to base 11.
-755
What is -238 (base 11) in base 8?
-433
-212 (base 11) to base 5
-2010
Convert -3304 (base 6) to base 2.
-1011111000
Convert -67b (base 15) to base 6.
-10442
Convert 141b (base 14) to base 3.
11212121
What is 2998 (base 13) in base 5?
143130
What is -21103011 (base 4) in base 5?
-2204320
624 (base 9) to base 11
422
Convert -101100101 (base 2) to base 4.
-11211
Convert -12330232 (base 4) to base 15.
-8677
-812 (base 10) to base 16
-32c
33020 (base 7) to base 14
3010
408 (base 9) to base 7
653
Convert 255 (base 12) to base 14.
1b3
What is 7d (base 15) in base 4?
1312
Convert -223302 (base 4) to base 2.
-101011110010
-d (base 15) to base 12
-11
What is -131e9 (base 16) in base 7?
-444214
What is 113 (base 6) in base 2?
101101
Convert c114 (base 14) to base 15.
9c47
Convert 21323 (base 4) to base 14.
335
What is -27775 (base 11) in base 2?
-1001101001101000
112221010 (base 3) to base 16
2a84
Convert -46 (base 9) to base 6.
-110
-17a3 (base 12) to base 6
-21123
Convert 5128 (base 10) to base 16.
1408
Convert -335 (base 10) to base 16.
-14f
Convert -1504 (base 7) to base 13.
-367
Convert -1000101001101111 (base 2) to base 16.
-8a6f
Convert -234411 (base 5) to base 8.
-21033
What is 1d (base 15) in base 13?
22
Convert -100011100010011 (base 2) to base 3.
-220221220
What is -33440 (base 8) in base 9?
-21320
Convert 46489 (base 11) to base 8.
203073
What is 10586 (base 9) in base 14?
27d2
Convert -20010012 (base 3) to base 5.
-120320
What is 173 (base 16) in base 9?
452
What is 6c6c (base 15) in base 6?
254420
What is 2a3 (base 13) in base 12?
333
Convert 7786 (base 10) to base 14.
2ba2
Convert 1485 (base 10) to base 11.
1130
Convert -6600 (base 11) to base 10.
-8712
Convert -2104 (base 7) to base 6.
-3231
What is -200202010 (base 3) in base 5?
-414130
Convert -767 (base 9) to base 14.
-32c
What is 6b (base 16) in base 12?
8b
Convert -cd0 (base 14) to base 3.
-10110212
Convert -43100 (base 5) to base 10.
-2900
Convert -32102 (base 5) to base 13.
-c97
Convert 1000001010101100 (base 2) to base 3.
1200212222
Convert 1038 (base 10) to base 12.
726
Convert -b7a (base 13) to base 10.
-1960
Convert -331032 (base 4) to base 12.
-2326
What is -10110021 (base 3) in base 13?
-11b9
What is -4b1 (base 13) in base 12?
-584
Convert 1404 (base 8) to base 4.
30010
-26108 (base 9) to base 11
-12237
What is -226531 (base 7) in base 9?
-61787
-6a9 (base 14) to base 10
-1325
What is 21112001 (base 3) in base 9?
7461
What is -1015 (base 8) in base 11?
-438
What is -1024b (base 12) in base 13?
-979a
Convert -10054 (base 13) to base 12.
-1469a
Convert -2a3 (base 14) to base 7.
-1363
222233 (base 4) to base 12
16bb
-103 (base 8) to base 7
-124
Convert -1928 (base 13) to base 6.
-25212
-37b (base 13) to base 2
-1001100001
What is 413 (base 12) in base 13?
366
What is -39ac (base 15) in base 9?
-17800
What is -10002021 (base 4) in base 9?
-24586
What is 4140 (base 6) in base 10?
924
Convert -11110002 (base 3) to base 16.
-caa
What is 725 (base 9) in base 16?
24e
Convert 18 (base 9) to base 2.
10001
1232303 (base 5) to base 7
130125
What is -14fd (base 16) in base 12?
-3139
1011110 (base 5) to base 13
760c
Convert -1333022 (base 4) to base 10.
-8138
542 (base 9) to base 6
2015
13056 (base 7) to base 6
24023
What is -1a43 (base 13) in base 15?
-127c
Convert -3521 (base 6) to base 10.
-841
Convert -1114224 (base 6) to base 5.
-3303210
Convert 6514 (base 10) to base 3.
22221021
-3331200 (base 4) to base 10
-16224
Convert 2267 (base 8) to base 10.
1207
Convert -388 (base 9) to base 15.
-168
Convert -805 (base 9) to base 13.
-3b3
-13 (base 6) to base 3
-100
Convert 81ce (base 15) to base 4.
12230123
What is 1c3d9 (base 14) in base 8?
214673
-489 (base 14) to base 8
-1611
Convert 1234 (base 8) to base